4. Let p(u) = 13*u - 9. Let r(f) = -2*l(f) + 13*p(f). What is r(7)?
68
Let s(l) be the second derivative of l**4/12 - 19*l**3/6 + 12*l**2 + 4*l - 422. Calculate s(16).
-24
Let y(r) = -4*r - 2. Let o(m) = -332*m - 2004. Let v be o(-6). Calculate y(v).
46
Let h(j) = -258*j + 778*j - 263*j - 265*j + 10. What is h(5)?
-30
Suppose -10*j = -5*j - 10. Suppose j*t - 7*t = -15. Let h(f) = f**3 + f + 1. Let x(m) = 5*m**3 + 3*m**2 + 4*m + 10. Let q(l) = -6*h(l) + x(l). Calculate q(t).
-2
Let w(z) = -z**3 - 118*z + 5*z**2 + 4 - 2*z**2 + 120*z - 3*z**2 + 4*z**2. Calculate w(4).
12
Suppose 3 = k - 3. Let z(w) = w**3 + 9*w**2 + 9*w + 14. Let s be z(-8). Let f(h) = 3*h + 6*h - s + h - 9*h. Determine f(k).
0
Let m(s) = 14*s**2 - 5*s - 6. Let o = 11714 + -11716. Determine m(o).
60
Let f be (-138)/(-42) - ((-36)/(-28) + -1). Suppose -2*p + 2 = 2*p - f*d, 0 = 2*p - 3*d + 2. Let t(a) = 0*a**3 - 9 - a**2 + a**3 - 5*a**p + 8. Calculate t(6).
-1
Let t(m) = 9*m**2 - 188*m - 23. Suppose 0 = r - 4*b - 33, -2*r - 66*b = -71*b - 57. Determine t(r).
-2
Let s = 375 - 369. Let c(k) = 7*k + 26. Let j(a) = 3*a + 13. Suppose 3*w - 2*u + 11 - 48 = 0, 0 = -2*w - 5*u - 7. Let o(h) = w*j(h) - 4*c(h). Determine o(s).
7
Let r(v) be the first derivative of v**4/4 + 5*v**3/3 + 5*v**2/2 - 10*v - 7701. Determine r(-5).
-35
Suppose -70*y = -77*y + 14. Let l(n) = -1 - n + 3*n + 49*n**2 - 51*n**y - 2. What is l(2)?
-7
Suppose 75 = 1617*d - 1632*d. Let t(k) = -4*k - 21. Give t(d).
-1
Suppose 167*r + 76 - 1056 = 69*r. Let j(c) = -2*c**2 + 20*c - 9. Determine j(r).
-9
Let l(w) be the first derivative of 60 - 5*w**2 + 4*w - 1/3*w**3. Give l(-11).
-7
Let i(h) = -30 + 12 - h**2 - h + 22. Let p(k) be the second derivative of k**4/12 - 7*k**3/6 - 2*k**2 + 6*k. Let q be p(7). Give i(q).
-8
Suppose -h = -0*h - 2*h + 7. Let l(r) = -5*r + 1. Give l(h).
-34
Let w(v) = -2*v**2 - 11*v - 11. Let a be ((-8)/(-10))/(77/(-385)). Calculate w(a).
1
Let g(w) = 3*w**3 + 24*w**2 - 39*w + 84. Let y(c) = -7*c**3 - 43*c**2 + 81*c - 168. Let j(d) = 5*g(d) + 2*y(d). What is j(-35)?
14
Let j(w) = w - 1. Let z = -58 + -75. Let h = 76 + z. Let d be 19/h + (-4)/(-3). What is j(d)?
0
Let s(o) = -6*o**2 - 139*o - 37. Let k(n) = -3*n**2 - 93*n - 26. Let r(j) = 7*k(j) - 5*s(j). Calculate r(-5).
8
Let d = -35 - -39. Suppose -5*w + 1 = d*o - 0, -2*w = -3*o + 18. Let q(m) = m - 3 - 5*m - m**2 + o. Give q(-5).
-4
Let i(o) be the second derivative of o**4/6 - 5*o**3/6 + 3*o**2/2 - 100*o. Let w = 6 - 1. Determine i(w).
28
Let c(a) = a**3 - 16*a**2 + 10*a + 77. Let m be c(15). Let b(q) = 9*q + 10 - 9 - 1 - q**m - 3. Determine b(6).
15
Let s = -10 + 9. Let l(o) be the second derivative of 3*o**5/20 - o**4/12 - o**3/3 - o**2/2 + 165*o. Determine l(s).
-3
Suppose -17*u = 32 + 20 - 103. Let s(j) = -j**3 + 6*j**2 + j - 1. What is s(u)?
29
Let h(a) = 80*a + 6. Let j = -9780 - -9781. Give h(j).
86
Let m(w) = 7*w**2 - 3*w - 30. Let q be m(-3). Let h be (-2)/3*63/q. Let d(i) = -i**2 + 3*i + 2. Give d(h).
-2
Let k(q) = q**3 + 14*q**2 - 15*q + 2. Suppose -60 = 6*l - 2*l. Let c be k(l). Let x(f) = -1 - 5 + 0 - c*f + 5. Calculate x(-1).
1
Let o(c) be the first derivative of -c**3/3 + 12*c**2 + 296*c - 783. Calculate o(33).
-1
Let j be (-205)/(-820) + (-46)/(-8). Let b(l) = 21*l - 90. Give b(j).
36
Suppose -510*s = -507*s - n - 14, 5*n + 10 = 3*s. Let f(d) = 45*d - 231. Give f(s).
-6
Let z(h) be the third derivative of h**4/24 + 23*h**3/6 - 1736*h**2. What is z(-7)?
16
Suppose 0 = -3*l + 5*p + 21, 0 = -l - 2*p + 21 - 25. Let s(n) = 11*n - 139*n**l + 413*n**2 - 136*n**2 - 139*n**2 + 6. What is s(11)?
6
Let p(u) = u - 26. Let s(x) = -x + 57. Let r(j) = j**3 - 5*j**2 + 3*j - 17. Let v be r(5). Let z(h) = v*s(h) - 5*p(h). Give z(9).
-11
Let r(u) = -348*u + 2084. Let j be r(6). Let h(i) = -4*i - 23. Give h(j).
-7
Let w(m) = m**2 - 8*m + 3. Let h be 2 + -5 + 670/67. Determine w(h).
-4
Suppose -65*w - 165 = -91 + 316. Let c be 5*((-9)/(-15) + 0). Let d(h) = 3*h**c - 4*h**3 + 2*h + 4 + 4 - 4*h - 7*h**2. Calculate d(w).
-16
Let l(o) = o**3 - 2*o**2 + o + 1. Let j be ((-1 + 0)*18)/(4/(-2)). Suppose -j*s = -23 + 5. Determine l(s).
3
Let v(b) = 4*b + 23. Suppose -5*u - 2*p = 39, -200*u + 3*p + 6 = -197*u. Give v(u).
3
Let n(g) = 14*g + 14. Let q = -1144 - -1144. What is n(q)?
14
Let m(g) = g**2 + 2. Let y(t) = t**2 - 6*t - 85. Let f(d) = 6*m(d) - 3*y(d). Let l(r) be the first derivative of f(r). Calculate l(-3).
0
Let o(g) = -19*g. Let s(l) = 18*l - 4. Let w(r) = -o(r) - s(r). What is w(6)?
10
Let l(o) = -o**2 + o - 4. Let q(k) = k**2 - 2*k + 24. Let y(m) = -2*l(m) - q(m). Give y(-4).
0
Let j(s) = s**2 - 15*s + 6 - 2*s**2 + 5*s - 28. Let x be j(-6). Let w(r) = -x*r - 6 + 4 - 1 + 1. Determine w(7).
-16
Let f(q) = -9*q - 65. Let v be f(-9). Let d(n) = -13*n + 214. What is d(v)?
6
Let q(v) = 2*v**3 - 7*v**2 + v + 2. Suppose -4*f + 5*i + 26 = 0, 12*f - 16*f = -3*i - 22. Determine q(f).
22
Let k be ((-4)/20)/(18/(-90)). Let x(c) = c + c**2 - 2*c - 9 + 6*c. Let v(p) = -p**2 + 1. Let d(h) = k*x(h) + 2*v(h). What is d(5)?
-7
Let a = -386 - -388. Suppose d + 2*k + 4 = 4*d, 4 = -5*d - a*k. Let h(r) = -2*r**2 - 4*r - 3. Give h(d).
-3
Let r be ((-2)/4)/((-1755)/876 - -2). Let f = -140 + r. Let v(s) = -s**3 + 5*s**2 + 7*s - 1. Calculate v(f).
5
Let q(s) = -34884*s**2 - 4*s**3 - 8 + 17443*s**2 - 9*s + 17445*s**2 + 5*s**3. Calculate q(4).
84
Let s(u) be the second derivative of 2*u**3/3 + 8*u**2 + 1990*u. What is s(-4)?
0
Let n = -543 - -560. Suppose 5*j + 4*b + 24 = 0, -4*j - n = 5*b - 4*b. Let c(t) be the first derivative of t**3/3 - 3*t + 1. What is c(j)?
13
Suppose -3*w - 42*d = -38*d - 28, -5*d + 8 = -3*w. Let h(z) = -29*z + 115. Determine h(w).
-1
Let x(c) = 17*c + 11. Suppose b - 2*w + 12 = 0, 2*b = b - 4*w + 18. What is x(b)?
-23
Suppose 10*a - 700 = -4*a. Let r be (-20)/a*(78/3 - 1). Let h(d) = -d**3 - 11*d**2 - 8*d + 6. Determine h(r).
-14
Let v = -11 + 13. Let b(z) = 8 - v*z - 1 + 22 + 10. Let g be b(19). Let t(q) = 8*q**3 + q - 1. Calculate t(g).
8
Let v(p) = 2*p**2 - p - 19. Let c(t) = 2*t + 5. Let r(j) = -3*c(j) - v(j). What is r(-5)?
-21
Let r = -1987 - -1991. Let s(y) = 7*y - 11. What is s(r)?
17
Let s = 30168 - 30159. Let w(v) = -v**2 + 10*v - 3*v**2 + 3*v**2 - 13. Determine w(s).
-4
Let a(p) be the first derivative of p**2/2 + 31*p + 1734. What is a(0)?
31
Let b be 20*(-3 - (-6)/3). Let s be ((-114)/(-95))/(-2*2/b). Suppose -6 = -s*f + 7*f. Let o(l) = l**3 + 6*l**2 - 3*l - 9. Determine o(f).
9
Let y(p) = 88 + 147 + 39 - 53 - 22*p. What is y(10)?
1
Suppose 3*s + 9 = 2*c - 0, -37 = 5*s + 4*c. Let u(k) = 8*k + 42. Let r be u(s). Let f(o) = 6*o**r + 4 + 0 - o**3 + 4*o - 7*o**2. Give f(-3).
10
Let h(n) = -14*n - 8. Let p be (0 - -3)*8/6*(-15)/20. Let b = 15 - 23. Let t(r) = 5*r + 3. Let y(s) = b*t(s) + p*h(s). Determine y(4).
8
Let h(r) = -r**3 - r + 9. Let j(f) = -3*f**3 - 10*f**2 - 9*f + 28. Let p(y) = -2*h(y) + j(y). Let k = -9 - 0. Determine p(k).
-8
Let l(c) be the first derivative of 13*c**5/120 - c**4/24 + 121*c**3/3 - 189. Let p(u) be the third derivative of l(u). Give p(1).
12
Let l be 24/(-42) + (-100)/(-175). Let t(u) = -u**3 - u**2 + u + 3. Calculate t(l).
3
Let b(r) be the first derivative of -47 + 2*r - 9/2*r**2. What is b(-3)?
29
Let x(t) = t**2 + 5. Suppose 11*k - 15*k = 132. Let b be 1/((-6)/k)*-2. Let a be (-1 + 1)/(-9 - b). Give x(a).
5
Let l(z) = 3*z**2 - 9*z + 8. Let d be (15/(-10)*(-6)/9)/(12/60). Give l(d).
38
Let z = -36 + 31. Let w be ((-8)/(-10))/(z/(-50)). Let g be 2/4 - w/(-16). Let r(f) = -f**3 - f + 1. What is r(g)?
-1
Let n be ((-32)/(-48))/(6/(-513)). Let g = 52 + n. Let x(a) = a**2 + 5*a + 5. Determine x(g).
5
Suppose 0*k + x + 4 = 3*k, -3*k - 4*x + 14 = 0. Let g be -3 + k*(2 + -3). Let a(t) be the first derivative of t**4/4 + 4*t**3/3 - 2*t**2 - t + 260. Give a(g).
-6
Let h(r) = -529 + 188 + 189 + 5*r**2 - r**3 - r + 152. Suppose 5*w - 6*f = -f - 5, -2*w - 2*f + 2 = 0. Let s = 5 - w. Give h(s).
-5
Let k be -5 + -1 + 3 + 6. Let v(c) = c**3 - 5*c + 4. Let w be v(2). Let u(l) = 4*l**2 - 4 + 5*l + 1 - 5*l**w + 1. Calculate u(k).
4
Let l be (-4)/1 - (4 + -145)*1. Let m(n) = -4*n - 2 + n - l*n**3 + 4*n + 141*n**3 + 3*n**2. Give m(-2).
-24
Suppose 641 = 3*s + 3*u + 182, -2*s - 4*u = -300. Let t = s - 152. Let d(g) = g**3 - 4*g**2